r of 75 and 475?
25
Calculate the greatest common divisor of 168 and 196.
28
What is the highest common divisor of 100 and 4125?
25
Calculate the greatest common factor of 1170 and 260.
130
What is the highest common divisor of 22 and 6039?
11
What is the greatest common factor of 10 and 135?
5
What is the greatest common factor of 73 and 146?
73
What is the highest common factor of 3945 and 195?
15
What is the highest common factor of 122 and 16531?
61
What is the greatest common factor of 132 and 24?
12
Calculate the highest common factor of 14 and 252.
14
What is the greatest common factor of 399 and 63?
21
What is the greatest common factor of 1760 and 128?
32
What is the highest common divisor of 43 and 602?
43
Calculate the greatest common factor of 500 and 144.
4
What is the greatest common factor of 147 and 21?
21
Calculate the greatest common factor of 22 and 550.
22
Calculate the greatest common factor of 35 and 1036.
7
What is the greatest common divisor of 297 and 27?
27
What is the greatest common divisor of 17 and 3281?
17
Calculate the highest common factor of 51 and 136.
17
Calculate the greatest common divisor of 164 and 41.
41
What is the greatest common factor of 230 and 874?
46
What is the greatest common divisor of 13965 and 1715?
245
What is the highest common divisor of 348 and 261?
87
Calculate the greatest common divisor of 112 and 8.
8
What is the greatest common factor of 10682 and 147?
49
What is the greatest common factor of 8505 and 105?
105
What is the highest common divisor of 24 and 16?
8
What is the highest common divisor of 371 and 56?
7
Calculate the greatest common factor of 1012 and 44.
44
Calculate the greatest common factor of 1599 and 780.
39
What is the greatest common divisor of 1134 and 945?
189
What is the highest common divisor of 14670 and 270?
90
What is the highest common factor of 8406 and 36?
18
What is the greatest common factor of 78 and 10426?
26
Calculate the greatest common factor of 20 and 25.
5
Calculate the greatest common divisor of 1472 and 23.
23
Calculate the greatest common divisor of 66 and 15741.
33
What is the greatest common factor of 520 and 340?
20
What is the highest common factor of 300 and 210?
30
What is the greatest common factor of 2 and 14?
2
Calculate the highest common divisor of 28 and 1064.
28
What is the highest common divisor of 237 and 11771?
79
Calculate the highest common factor of 28 and 20.
4
Calculate the greatest common factor of 20 and 28.
4
What is the greatest common divisor of 204 and 136?
68
What is the highest common factor of 400 and 425?
25
What is the greatest common divisor of 638 and 174?
58
What is the greatest common factor of 4 and 26?
2
What is the highest common factor of 6987 and 68?
17
Calculate the greatest common factor of 684 and 84.
12
What is the greatest common divisor of 2136 and 24?
24
Calculate the highest common factor of 27 and 504.
9
What is the highest common divisor of 6 and 327?
3
Calculate the highest common factor of 133 and 323.
19
What is the greatest common factor of 14 and 189?
7
Calculate the greatest common divisor of 4385 and 5.
5
Calculate the highest common factor of 885 and 30.
15
Calculate the highest common factor of 768 and 12.
12
Calculate the greatest common divisor of 407 and 11.
11
What is the highest common divisor of 99 and 9?
9
What is the highest common factor of 13 and 1313?
13
What is the greatest common divisor of 390 and 60?
30
What is the greatest common divisor of 22 and 39622?
22
Calculate the greatest common factor of 588 and 12.
12
What is the highest common divisor of 1326 and 408?
102
Calculate the greatest common divisor of 65 and 615.
5
What is the greatest common factor of 7 and 329?
7
What is the highest common divisor of 3 and 47?
1
Calculate the greatest common divisor of 64 and 568.
8
Calculate the greatest common divisor of 4557 and 93.
93
What is the greatest common divisor of 2621 and 2?
1
Calculate the greatest common divisor of 265 and 265.
265
What is the greatest common factor of 80 and 45?
5
Calculate the highest common factor of 2 and 54.
2
What is the greatest common divisor of 18 and 6498?
18
What is the greatest common divisor of 126 and 2628?
18
What is the greatest common factor of 1384 and 8?
8
What is the greatest common divisor of 22592 and 64?
64
Calculate the greatest common factor of 3669 and 6.
3
What is the highest common divisor of 9 and 6813?
9
Calculate the greatest common factor of 172 and 4.
4
What is the highest common divisor of 136 and 6375?
17
What is the greatest common factor of 11 and 88?
11
Calculate the highest common factor of 8 and 1544.
8
What is the greatest common divisor of 200 and 20300?
100
Calculate the highest common factor of 75 and 125.
25
What is the highest common factor of 16 and 19816?
8
Calculate the greatest common divisor of 294 and 186.
6
Calculate the highest common divisor of 9 and 4.
1
What is the highest common factor of 115 and 46?
23
Calculate the greatest common divisor of 6802 and 38.
38
What is the highest common factor of 171 and 72?
9
Calculate the greatest common factor of 165 and 1925.
55
What is the highest common factor of 189 and 1491?
21
What is the highest common factor of 140 and 1630?
10
Calculate the highest common factor of 470 and 5.
5
Calculate the greatest common divisor of 11506 and 22.
22
What is the highest common divisor of 80 and 60?
20
What is the highest common divisor of 8184 and 310?
62
What is the greatest common factor of 41 and 9553?
41
Calculate the greatest common divisor of 6059 and 219.
73
Calculate the highest common factor of 20 and 1340.
20
What is the greatest common factor of 40 and 290?
10
Calculate the greatest common factor of 759 and 132.
33
Calculate the greatest common divisor of 288 and 1206.
18
Calculate the greatest common divisor of 3914 and 38.
38
What is the highest common factor of 44 and 6314?
22
Calculate the greatest common factor of 378 and 120.
6
Calculate the greatest common divisor of 150 and 37.
1
Calculate the highest common factor of 1050 and 42.
42
Calculate the highest common divisor of 902 and 738.
82
Calculate the greatest common divisor of 5681 and 95.
19
Calculate the greatest common divisor of 5 and 415.
5
Calculate the greatest common factor of 36 and 96.
12
Calculate the highest common factor of 8 and 216.
8
What is the highest common factor of 1089 and 44?
11
Calculate the greatest common factor of 31 and 558.
31
Calculate the highest common divisor of 6 and 1872.
6
Calculate the highest common divisor of 1520 and 1120.
80
Calculate the greatest common divisor of 1029 and 49.
49
Calculate the highest common factor of 350 and 4050.
50
What is the highest common factor of 1104 and 80?
16
What is the greatest common divisor of 13 and 65?
13
Calculate the greatest common factor of 44 and 26.
2
Calculate the highest common divisor of 17 and 391.
17
What is the greatest common factor of 51 and 1598?
17
Calculate the greatest common divisor of 81 and 225.
9
Calculate the highest common factor of 2976 and 4278.
186
What is the highest common factor of 176 and 836?
44
Calculate the greatest common factor of 1113 and 42.
21
Calculate the highest common divisor of 1449 and 189.
63
Calculate the greatest common divisor of 37 and 37.
37
What is the highest common divisor of 2403 and 1691?
89
What is the greatest common factor of 243 and 3?
3
Calculate the greatest common divisor of 195 and 1495.
65
Calculate the highest common factor of 48 and 6976.
16
What is the greatest common divisor of 1298 and 22?
22
Calculate the highest common factor of 1495 and 184.
23
Calculate the greatest common factor of 442 and 102.
34
What is the greatest common divisor of 312 and 117?
39
Calculate the greatest common divisor of 45 and 14265.
45
What is the highest common factor of 589 and 133?
19
Calculate the highest common divisor of 620 and 240.
20
What is the greatest common factor of 364 and 448?
28
Calculate the highest common factor of 126 and 92.
2
Calculate the greatest common factor of 3 and 183.
3
What is the highest common divisor of 804 and 228?
12
What is the greatest common factor of 37764 and 36?
36
What is the greatest common factor of 12402 and 106?
106
What